1 - -19) + -27 + (7 - -25) + 5 + -1?
-13
What is the value of 61 - (-7 + (13 - (20 + -26)))?
49
-1 - (-1 + 149 - ((25 - 12) + -1 + -8))
-145
(-91 - -38) + -29 + 21
-61
What is -45 - (-54 - -16) - -46?
39
What is -19 + -15 - (-54 - -89)?
-69
What is the value of 29 - (25 + -144 - (-28 + -2))?
118
Evaluate (-51 - (0 + -4)) + 72 + -119 + 35.
-59
Calculate 0 + -1 + -83 + 56 + (42 - 50) + -13.
-49
What is the value of -47 - 5 - (-73 + 40) - (-23 + -1)?
5
-30 + -12 + -15 - -72
15
0 - 49 - (-1294 + 1345)
-100
-21 + 35 + -21 + -9 + 4 + -66
-78
What is the value of (-18 - -13) + 12 + -20 + 9?
-4
Calculate 2 + (9 - 2) - -16 - -38.
63
Calculate (-40 - 77) + 38 - 22.
-101
Calculate (-8 + 3 - (1 + 1)) + 3000 + -2979.
14
Evaluate (21 - 28) + -3 + 23 + -46.
-33
Calculate -60 + 18 + -212 + 245.
-9
What is the value of 6 + 9 + -11 + 5 + -41 + -6 + -9?
-47
(5 - 4 - (57 + -12)) + (7 - (-4 - -14))
-47
-2 + (1 - 11) - (-7 + -46 + 10 - 16)
47
What is 10 + (19 - ((-19 - -35) + -18))?
31
Calculate 14 - (-33 - -15 - (-5 + -57)) - (-3 - 2).
-25
What is the value of 18 - 70 - -40 - (-89 - 27)?
104
-65 - (-13 + 25 - 21 - -9)
-65
Evaluate (1 - -2) + (-39 - (-49 + 41) - -13).
-15
Evaluate -512 + 513 + (4 - (-2 + -4) - (-1 + 1)).
11
What is 5 + (4 - 4) - (69 + -80)?
16
-46 - ((-10 - 29) + 5)
-12
Evaluate -89 + 8 - -135 - 99.
-45
Evaluate (-20 - (8 + (-26 - -10))) + 2.
-10
What is the value of 22 + -58 + (42 - 5)?
1
What is the value of (0 - ((38 - 7) + -15)) + 34 - -72?
90
What is the value of -1 + -2 + 30 + -22?
5
(-3 - -3 - (-9 + -33)) + (-998 - -1016)
60
Evaluate -105 + (-104 - (128 - 329)).
-8
(258 - 176) + (2 - 2) + (-1 - 3) + -5
73
Evaluate 81 + 15 + (-693 - -662).
65
What is 4 - (56 - (-14 + -3 - (8 - (6 + 13))))?
-58
Evaluate 56 - ((-70 - -26) + 34 - 24).
90
2 + 59 + (-1286 - -1239)
14
41 - (27 + -20 + 3 + 28)
3
What is the value of -6 - ((-7 - -3) + -23) - (-3 - -2)?
22
Calculate -13 + (1 - 13) + 22 - 8.
-11
Calculate -11 + 2 + 13 - (12 + -58 + 10).
40
What is the value of (-12 + 2 - 7) + 19 + 0 + -7?
-5
Calculate (-10 + 20 - -6) + -26 + -2.
-12
22 + (-18 - (46 + -95))
53
What is the value of (0 + 1 + -2 - 1) + (143 - (582 - 451))?
10
Calculate (29 - 3) + 21 + -22 - 17.
8
What is the value of -21 + -6 - (-8 + 17 + -19 - 7)?
-10
Calculate (-108 - -86 - (-10 - -2) - -6) + -6.
-14
Evaluate 23 + (-1 - (-7 + 5)) + 29.
53
-10 + (134 - ((-5 - (-18 + 11)) + -6))
128
-25 + (-80 - -2) + (54 - 70) + 1 + -6
-124
-19 + 37 + -6 + 13 + 9 + 1
35
What is the value of 2 + (-4 - -6) + -119 + 105?
-10
What is the value of (-2 - -2 - 58) + (113 - 112) - (-1 - -7)?
-63
Calculate (-11 + 23 - 2 - 3) + 1 + -6 - 28.
-26
51 + (-2 - 4) - (-68 + 70)
43
Calculate (102 - -1) + (8544 - 8748).
-101
1 - (-39 - ((-10 - -1) + (3 - 21 - -22)))
35
Calculate (211 + -215 - (-9 + -1) - (-56 + 7)) + -2.
53
Calculate -341 + 339 + 0 + 1.
-1
What is the value of 88 + (-14 - -13 - (12 - 0)) + 9 + 0?
84
(193 - 220) + (1 - -83)
57
2 - -82 - (-555 + 680)
-41
Calculate 41 - (40 + (-41 - -7)).
35
Evaluate (55 - 2) + -53 + 6 + 34.
40
What is the value of (-16 + 13 - -9) + -7?
-1
Evaluate (-1 - 23 - (49 + -148)) + -1 + 1.
75
Calculate 10 - (27 + 1 - (-534 + 562)).
10
(-12 - 0) + 2 + (274 - 311)
-47
What is the value of -20 + (-4 - -3 - -2) - (11 + (21 - 27))?
-24
Evaluate (187 + -208 - (-10 - 1)) + 16.
6
Calculate -50 + 4 + -51 + (-3 - -59).
-41
Evaluate (19 - 14 - (2 - -9)) + -38 + -4.
-48
-2 + 12 + -3 - (-15 - (33 + -57 + 36))
34
What is the value of 50 + (-13 - ((-16 - -10) + -7) - (9 + 1))?
40
Evaluate 38 + -13 + (9 - 3 - (93 + -81)).
19
What is (46 - 100) + 29 + 48?
23
What is the value of 0 + -62 + 15 + -37 + 22 - 2?
-64
0 - (-15 - (-65 - -45)) - (33 + (1 - 1))
-38
Calculate -4002 + 4010 + (-28 + 3 - (1 - 2)).
-16
Evaluate 73 - (1 + -1) - (55 - (143 + -98)).
63
Calculate -92 - (-14 - (53 - 10)).
-35
Calculate -48 - (-25 - (-28 - -55)).
4
Evaluate 63 + -42 + -1 + 19 + 2.
41
What is (-23 - -45) + (-69 - -17) - 4?
-34
(-1610 - -1494) + (202 - -3)
89
Evaluate 34 + 0 + (-120 + 97 - -10).
21
What is the value of (-49 - 11) + (-117 - -159)?
-18
Calculate -1 - (4 - 1 - 1) - (63 + -33 - 32).
-1
Calculate (3 - 101) + -2553 + 2541.
-110
What is 42 - 16 - 59 - -35?
2
What is -9 + (-22 - -25) - (-13 + (-7 - -5) + 5)?
4
What is (13 + -35 + 47 - 27) + -1 + 58?
55
191 + -205 - (-5 - -35)
-44
Calculate 75 + -116 - (5 - (-5 - (-4 + 2 - 2))).
-47
Calculate -83 + 136 + -141 + 198.
110
Calculate 1 + (-6 - -5 - -5 - (6 + -6)) + -1.
4
What is 4 - (-44 + 4) - (324 - 304)?
24
32 + -76 - -173 - (9 + -1 - (4 + -7))
118
Evaluate 6 + -19 - (1 - (-13 - -7) - 10).
-10
Calculate -8 - (21 - (-21 - (-44 + -2))).
-4
What is (33 - 31) + (1 - 6 - (-26 - -12)) + -3?
8
Evaluate (-3 - -2) + 16 - (8 - (-8 + 17 + -2)).
14
26 + (-59 - (-17 + -61))
45
What is the value of -54 - (9 - (28 - (-5 + 6)))?
-36
What is 8 + 69 + -151 + 70?
-4
Calculate -330 + 328 - (-33 - 2) - 36.
-3
(4 + -9 - -2) + -35 - (-60 + 56)
-34
6 - (-11 - ((0 - 2 - 8) + -5) - 8)
10
What is the value of -22 - (-26 + 57 + -30)?
-23
Evaluate 74 - (69 - (95 + -60)).
40
1 + -11 + (-47 - -10) + 4 + 1
-42
What is the value of (-186 - (-1 + 24 + -67)) + 17?
-125
Evaluate -22 - (62 + -56 - -19).
-47
What is (59 - (1 - 2)) + 466 + -481 + 7 + -2?
50
(37 - (14 + 1 + -7)) + -59 + 68
38
Calculate (-81 - -56) + 166 - 38.
103
Calculate (34 - 31) + 9 + (-116 - 0) + 2 + -16.
-118
What is 48 + -27 + 0 + (-2 - -16)?
35
Calculate 1 + -8 - (-23 + (12 + 17 - -11) - -63).
-87
What is the value of -122 - (74 - 40 - 69)?
-87
-30 + -49 + 101 + 85
107
-1 + -49 - (10 - 16)
-44
Calculate -61 - (-23 - (-1 + -6 + 616 + -617)).
-46
What is the value of 53 - (-29 + (61 - -19))?
2
Calculate 1 - 101 - (-45 - (-8 + (-20 - -4)) - -24).
-103
What is 13 - (25 + -4 + (-3 - -20))?
-25
Evaluate -151 - -192 - (-1 + 55).
-13
Calculate 2 - (48 - 92 - -40 - (-1 - 70)).
-65
-8 - (93 + -89 + 11)
-23
Calculate -7 + (110 + 30 - 29) + (-7 - -7).
104
17 + (-22 - -26) + 49 + 14
84
18 + 1 + -307 + 293 - (-2 - -2)
5
Evaluate 27 - -11 - (-6 + -1) - 7.
38
Calculate 2 + (-12 - -24 - -6) - (21 - 33).
32
What is 10 - (-9 + 21) - -19 - -1 - -9?
27
Calculate (26 - (21 - -13)) + 20 - -8.
20
Calculate -1 - -59 - (2927 + -2913 + (0 - (0 - -11))).
55
Evaluate 15 + -231 + 194 + (140 - 8).
110
Calculate -53 + (29 - (35 + -67)).
8
Calculate 20 + -53 + (45 - 69).
-57
What is the value of -5 + 65 + (-19 - 41)?
0
Calculate (-7 - -10) + 25 - (-94 + 101).
21
What is the value of (-25 - 12) + 21 + (2 - -1)?
-13
(12 - 1) + (8 - -4) + -11 + -77
-65
34 + -3 - (-69 - -86) - -19
33
What is (11 - 5 - (-3 - -1)) + 2 + 14 - -6?
30
(0 - -8) + 3 + 10 + 0 + -20 + 4
5
Evaluate -18 - (-224 + 140 + 17).
49
Evaluate -2 + (-3 - (-8 + 2)) - (221 + -220).
0
42 - (-38 - (-57 + 16))
39
Calculate (47 + -26 - (-5 + 11)) + 2.
17
6 + (-30 - (30 - (43 + -28)))
-39
What is (-147 - (-2 + -16)) + 46?
-83
(4 - 2) + 58 + -486 + 462
36
Calculate -32 + (-85 - (-23 - 130)).
36
Calculate ((30 - (24 - 17)) + -34 - -15) + 0 + 62.
66
What is 573 + -531 - (-5 + 20)?
27
Calculate (268 - 165) + 6 + 3 + -2 + -10 + 2.
102
What is the value of -64 + -10 + (52 - 7)?
-29
What is -8 + -1 + 2 + (25 - 2)?
16
Evaluate (-14 - -1) + (-24 - (-10 + -14 - -1)).
-14
What is the value of -84 - (10 + 0 + (-178 - -150))?
-66
What is -252 + 221 + 76 + 1 - (-1 + 3)?
44
Evaluate (5 - 35 - -2) + 33 + -62 + 38 - -15.
-4
(-30 - -50 - 47) + 38 - -107
118
Calculate -18 - -8 - (23 + -31 + (-1 - 8)).
7
What is 0 + 56 + (36 - (28 - -9))?
55
-114 - 2 - (-5 + (15 - 13) + 22)
-135
5 - ((21 - (-7 + 20)) + 0 + -18 - -34)
-19
Calculate -37 - (-66 - (34 - 57)).
6
Evaluate -105 + (40 - 52) + 79.
-38
What is 57 - (60 - (46 + -39))?
4
What is -5 - ((1841 - 1853) + (-1 - -50))?
-42
What is the value of (11 - -11) + -78 - (-54 - -42)?
-44
What is 6 - (5 + -6) - (-99 + -25 + (-12 - -25))?
118
What is 3 + 2 + 2 - (68 - -55 - 72)?
-44
(19 - -1) + (355 - 337) + (-5 - 2)
31
Calculate -91 + 154 + -77 - (0 + 15).
-29
Calculate -7 + (-3 - (-1 - 1)) - -29.
21
What is 3 - 5 - (-1 - (6 - (8 + (12 - 11))))?
-4
1 - -12 - (-90 - (-170 - -101))
34
What is -19315 + 19439 - (129 + 1)?
-6
What is the value of -50 + (-41 + 150 - 60)?
-1
Calculate (44 - 38) + 11 + 4 + 4 + -6.
19
What is 38 + 34 + -57 + (5 - -88)?
108
(12 - (12 + -1) - 65) + 47 + -39
-56
C